4, what is -2 + 11103003022?
11103003020
In base 15, what is -8 - 23eb99b?
-23eb9a4
In base 16, what is -4 - -b8fd40e?
b8fd40a
In base 13, what is -3 + -888b67?
-888b6a
In base 16, what is 8197f + -1ca?
817b5
In base 2, what is 111001011001001100111111 + 11?
111001011001001101000010
In base 11, what is -78020540 - -1?
-7802053a
In base 5, what is 2311404011 - 13?
2311403443
In base 3, what is -12211212021 - -202?
-12211211112
In base 11, what is 29 - -173171?
17319a
In base 11, what is -2242 + 2342?
100
In base 16, what is -1 + 18f3f1?
18f3f0
In base 9, what is 854 - 1516?
-552
In base 13, what is -1b710399 - -5?
-1b710394
In base 5, what is -23123030 + -1213?
-23124243
In base 13, what is 1638c34a - -4?
1638c351
In base 11, what is 1a + -5a69717?
-5a696a8
In base 4, what is -3100021 - -333222?
-2100133
In base 11, what is -2 + -4925a252?
-4925a254
In base 6, what is 53420034302 - -1?
53420034303
In base 15, what is -46 + 36ee7?
36ea1
In base 10, what is 4 + -18204439?
-18204435
In base 8, what is 13372663 - 13?
13372650
In base 15, what is 6a10a - c6e?
6938b
In base 12, what is -10008 - -b?
-bbb9
In base 12, what is 54662a - -19b?
546809
In base 2, what is 1 + -11001101001010110001?
-11001101001010110000
In base 15, what is 214 - -29771?
29985
In base 7, what is 6306360 + 6?
6306366
In base 4, what is 2 - 20022112111?
-20022112103
In base 7, what is -216166221 - 24?
-216166245
In base 16, what is -2feb3bd - 1?
-2feb3be
In base 13, what is 6a + -42c25?
-42b88
In base 10, what is 9205 + 8?
9213
In base 14, what is -2bac3 + -233?
-2bd16
In base 13, what is 229ba84 - -2?
229ba86
In base 9, what is 323844062 - -1?
323844063
In base 15, what is 5ee71e6 + -4?
5ee71e2
In base 14, what is 2 + 19701a?
19701c
In base 6, what is -25525 + -20150?
-50115
In base 15, what is -c3cba - -360?
-c395a
In base 14, what is -5684c3 + -10?
-5684d3
In base 11, what is a3440868 - 3?
a3440865
In base 8, what is 20 - -1677041?
1677061
In base 14, what is -7d1 + 178d4?
17103
In base 11, what is -2 + -124710?
-124712
In base 14, what is 12 - 75d29?
-75d17
In base 3, what is -1 - -201221122020021?
201221122020020
In base 11, what is -23524 + 41a?
-23105
In base 3, what is -201 + 211200010100?
211200002122
In base 7, what is -3 + -14146445?
-14146451
In base 6, what is 230015 - 30415?
155200
In base 9, what is -7680246 - -10?
-7680236
In base 5, what is -314110424 + 1210?
-314104214
In base 14, what is -1 - 26a384?
-26a385
In base 8, what is 14636110 + -2?
14636106
In base 11, what is -a849025 - -13?
-a849012
In base 2, what is 1011011111101101111010101 + 1?
1011011111101101111010110
In base 15, what is 3c65 + -6b2?
35a3
In base 4, what is -302311222 + -21130?
-302333012
In base 9, what is -12745 + -10154?
-23010
In base 13, what is 6 - 112859c8?
-112859c2
In base 6, what is -2333 + -425134?
-431511
In base 16, what is 906a7 - 2e?
90679
In base 4, what is 2113 + -1013102121?
-1013100002
In base 12, what is 9505a1 - 8?
950595
In base 4, what is 3211 - -1003113203?
1003123020
In base 7, what is 562553522 - -1?
562553523
In base 8, what is -71555505 + -6?
-71555513
In base 7, what is 3 + 2434221216?
2434221222
In base 3, what is -11001211110210010000 + 11?
-11001211110210002212
In base 7, what is -22404 - -36165?
13461
In base 4, what is 11021132 + -210?
11020322
In base 13, what is 0 - 3514663a?
-3514663a
In base 15, what is -10e8c + 3d?
-10e4e
In base 13, what is 846ac4 + -2c?
846a95
In base 2, what is 10 - 1011001001010111110111001?
-1011001001010111110110111
In base 3, what is -100221010 + -1122022222?
-2000021002
In base 6, what is 1 - -30320450514?
30320450515
In base 5, what is 4412011441 + -30?
4412011411
In base 10, what is -41810 - 4106?
-45916
In base 5, what is 301023324231 + 1?
301023324232
In base 14, what is -1395 + -bbb?
-2172
In base 7, what is -351 + -110312?
-110663
In base 7, what is 665530054 + -13?
665530041
In base 2, what is 111110110010111 + 110101011?
111111101000010
In base 4, what is -1300013111031 - -1?
-1300013111030
In base 3, what is 112 - 21000100001212?
-21000100001100
In base 5, what is 3133144 + -142?
3133002
In base 12, what is -202a967 + 0?
-202a967
In base 6, what is 10231052 - -4?
10231100
In base 4, what is 0 + 133320233110?
133320233110
In base 16, what is 66 + -18a55c?
-18a4f6
In base 12, what is 70 + 1231a?
1238a
In base 13, what is -2064 - -114a?
-c17
In base 9, what is 5838 - -17247?
24186
In base 15, what is -667a - 1d83?
-850d
In base 6, what is 425504131 + -1121?
425503010
In base 11, what is 1 - -6387232?
6387233
In base 10, what is -97 - -289253?
289156
In base 13, what is 41027 - -2105?
4312c
In base 13, what is 4ca35 + -13b?
4c8c7
In base 10, what is 415 - 659058?
-658643
In base 8, what is 32404634 + -36?
32404576
In base 4, what is 1222332110 + -1201?
1222330303
In base 8, what is -2 - -1370321334?
1370321332
In base 11, what is 59440a28 - -3?
59440a30
In base 4, what is -2 + 11331033223?
11331033221
In base 3, what is -2011110 - -2112022?
100212
In base 5, what is -34102 + 10234011?
10144404
In base 5, what is 34323022144 - 1?
34323022143
In base 12, what is 8 - 8964142?
-8964136
In base 14, what is -1898 - d98c?
-11446
In base 5, what is 1044440224 - -44?
1044440323
In base 7, what is 62356016 - -3?
62356022
In base 11, what is 240 - -10801a?
10825a
In base 3, what is 1120011121011022 + -10?
1120011121011012
In base 7, what is 314100501 - 2?
314100466
In base 3, what is -20210 - -111010020200001?
111010020102021
In base 7, what is -2653030644 - -3?
-2653030641
In base 4, what is 3 + 33311032003?
33311032012
In base 9, what is -84 + -175588?
-175683
In base 8, what is 5 + 1755114?
1755121
In base 9, what is 5 + -430624?
-430618
In base 8, what is 1223540 + -271?
1223247
In base 7, what is -2310 + -1142504?
-1145114
In base 2, what is 10000111000 - 100100111101?
-10100000101
In base 2, what is -1001000 - 111011011001100?
-111011100010100
In base 15, what is -12 + 18ee4a2?
18ee490
In base 11, what is -19948a - 519?
-1999a8
In base 8, what is -1350002 + -22?
-1350024
In base 3, what is 10212002120 + -2122020?
10202110100
In base 4, what is 222311223 - -2120313?
231032202
In base 13, what is -1cb31 - -80?
-1ca81
In base 7, what is -4 + 200012521?
200012514
In base 2, what is 101111 + 111001011111100101000?
111001011111101010111
In base 10, what is 41 - -4192596?
4192637
In base 14, what is a954 - -844?
b398
In base 11, what is 20a723 + -4?
20a71a
In base 15, what is -2cc2 - -b29?
-2198
In base 8, what is 205345470 + -5?
205345463
In base 11, what is -1762a640 - -18?
-1762a623
In base 2, what is 100000 - 100101100010100101001100?
-100101100010100100101100
In base 6, what is -1 + -15023125?
-15023130
In base 4, what is -102211213 + -11102333?
-113320212
In base 2, what is 110111100010100010110001 - -10?
110111100010100010110011
In base 10, what is 923 + 69128?
70051
In base 9, what is 1150414 + -45?
1150358
In base 12, what is -839 - -2365?
1728
In base 4, what is 220101223201233 + -1?
220101223201232
In base 11, what is 3340 + a58a?
1291a
In base 14, what is 4 + a2ab78?
a2ab7c
In base 6, what is -2 + -204352511?
-204352513
In base 3, what is -1112011101200 + 101?
-1112011101022
In base 3, what is -11220 - 100211100101?
-100211112021
In base 11, what is -1526a0594 + -5?
-1526a0599
In base 8, what is -1263 + -3050374?
-3051657
In base 3, what is -12220012 + 21011100?
1021011
In base 8, what is -11570 + -5223?
-17013
In base 3, what is 1021112010202202 - -12?
1021112010202221
In base 16, what is -49c3 - -2e?
-4995
In base 9, what is 2 + 12432522?
12432524
In base 6, what is 3 + -1541311203?
-1541311200
In base 10, what is -4 - -24454153?
24454149
In base 3, what is -102001120211101120 - -102?
-102001120211101011
In base 8, what is -12337 - 21634?
-34173
In base 3, what is 20 - -1222222012202001?
1222222012202021
In base 14, what is -11124 - -134a?
-dbb8
In base 4, what is 10001 - -31002312?
31012313
In base 16, what is -a92b2 - 0?
-a92b2
In base 12, what is 190 + 19859?
19a29
In base 12, what is 155070 - 75b?
154511
In base 7, what is 46 + 445062?
445141
In base 15, what is adca - -292?
b16c
In base 8, what is 370 - -31647?
32237
In base 7, what is 130123204 + 136?
130123343
In base 7, what is 655 + 10241?
11226
In base 12, 